{"id":120,"date":"2022-04-07T13:01:19","date_gmt":"2022-04-07T11:01:19","guid":{"rendered":"http:\/\/verluisant.fr\/index.php\/concept\/"},"modified":"2023-03-06T10:34:07","modified_gmt":"2023-03-06T09:34:07","slug":"concept-le-ver-luisant-restaurant-indre","status":"publish","type":"page","link":"https:\/\/verluisant.fr\/index.php\/concept-le-ver-luisant-restaurant-indre\/","title":{"rendered":"Concept"},"content":{"rendered":"<div data-colibri-id=\"120-c1\" class=\"style-377 style-local-120-c1 position-relative\">\n  <!---->\n  <div data-colibri-component=\"section\" data-colibri-id=\"120-c2\" id=\"custom\" class=\"h-section h-section-global-spacing d-flex align-items-lg-center align-items-md-center align-items-center style-378 style-local-120-c2 position-relative\">\n    <!---->\n    <!---->\n    <div class=\"h-section-grid-container h-section-boxed-container\">\n      <!---->\n      <div data-colibri-id=\"120-c3\" class=\"h-row-container gutters-row-lg-2 gutters-row-md-2 gutters-row-0 gutters-row-v-lg-2 gutters-row-v-md-2 gutters-row-v-2 style-379 style-local-120-c3 position-relative\">\n        <!---->\n        <div class=\"h-row justify-content-lg-center justify-content-md-center justify-content-center align-items-lg-stretch align-items-md-stretch align-items-stretch gutters-col-lg-2 gutters-col-md-2 gutters-col-0 gutters-col-v-lg-2 gutters-col-v-md-2 gutters-col-v-2\">\n          <!---->\n          <div class=\"h-column h-column-container d-flex h-col-lg-auto h-col-md-auto h-col-auto style-380-outer style-local-120-c4-outer\">\n            <div data-colibri-id=\"120-c4\" class=\"d-flex h-flex-basis h-column__inner h-px-lg-2 h-px-md-2 h-px-2 v-inner-lg-2 v-inner-md-2 v-inner-2 style-380 style-local-120-c4 position-relative\">\n              <!---->\n              <!---->\n              <div class=\"w-100 h-y-container h-column__content h-column__v-align flex-basis-100 align-self-lg-start align-self-md-start align-self-start\">\n                <!---->\n                <div data-colibri-id=\"120-c5\" class=\"h-global-transition-all h-heading style-381 style-local-120-c5 position-relative h-element\">\n                  <!---->\n                  <div class=\"h-heading__outer style-381 style-local-120-c5\">\n                    <!---->\n                    <!---->\n                    <h1 class=\"\">Le Ver Luisant est un caf\u00e9-restaurant avec une cuisine maison vari\u00e9e et de saison. Les produits sont issus majoritairement de producteurs locaux, donc de saison.\n                      <br>Le menu varie chaque semaine avec un tarif ainsi qu&rsquo;une portion adapt\u00e9 pour les enfants.&nbsp;\n                      <br>En effet, l&rsquo;essence de l&rsquo;\u00e9tablissement est la convivialit\u00e9. Le Ver Luisant est un espace familial o\u00f9 une pi\u00e8ce enti\u00e8re est d\u00e9di\u00e9 aux enfants : les familles peuvent y trouver du mat\u00e9riel et des jeux adapt\u00e9s \u00e0 tout \u00e2ge.&nbsp;<\/h1>\n                  <\/div>\n                <\/div>\n              <\/div>\n            <\/div>\n          <\/div>\n        <\/div>\n      <\/div>\n      <div data-colibri-id=\"120-c6\" class=\"h-row-container gutters-row-lg-1 gutters-row-md-1 gutters-row-0 gutters-row-v-lg-1 gutters-row-v-md-1 gutters-row-v-1 style-419 style-local-120-c6 position-relative\">\n        <!---->\n        <div class=\"h-row justify-content-lg-center justify-content-md-center justify-content-center align-items-lg-center align-items-md-center align-items-center gutters-col-lg-1 gutters-col-md-1 gutters-col-0 gutters-col-v-lg-1 gutters-col-v-md-1 gutters-col-v-1\">\n          <!---->\n          <div class=\"h-column h-column-container d-flex h-col-lg-auto h-col-md-auto h-col-auto align-self-lg-center align-self-md-center align-self-center style-420-outer style-local-120-c7-outer\">\n            <div data-colibri-id=\"120-c7\" class=\"d-flex h-flex-basis h-column__inner h-px-lg-1 h-px-md-1 h-px-1 v-inner-lg-1 v-inner-md-1 v-inner-1 style-420 style-local-120-c7 position-relative\">\n              <!---->\n              <!---->\n              <div class=\"w-100 h-y-container h-column__content h-column__v-align flex-basis-100 align-self-lg-start align-self-md-start align-self-start\">\n                <!---->\n                <div data-colibri-id=\"120-c8\" class=\"d-block style-673 style-local-120-c8 position-relative h-element\">\n                  <!---->\n                  <div class=\"h-image__frame-container-outer\">\n                    <div class=\"h-image__frame-container\">\n                      <!---->\n                      <!---->\n                      <img loading=\"lazy\" width=\"668\" height=\"668\" src=\"http:\/\/verluisant.fr\/wp-content\/uploads\/2022\/04\/cropped-P1160713.jpg\" class=\"wp-image-885 style-673-image style-local-120-c8-image\" srcset=\"https:\/\/verluisant.fr\/wp-content\/uploads\/2022\/04\/cropped-P1160713.jpg 668w, https:\/\/verluisant.fr\/wp-content\/uploads\/2022\/04\/cropped-P1160713-300x300.jpg 300w, https:\/\/verluisant.fr\/wp-content\/uploads\/2022\/04\/cropped-P1160713-150x150.jpg 150w\" sizes=\"(max-width: 668px) 100vw, 668px\" alt=\"\" \/>\n                      <div class=\"h-image__frame h-hide-lg h-hide-md h-hide-sm style-673-frameImage style-local-120-c8-frameImage\"><\/div>\n                    <\/div>\n                  <\/div>\n                <\/div>\n              <\/div>\n            <\/div>\n          <\/div>\n          <div class=\"h-column h-column-container d-flex h-col-lg-auto h-col-md-auto h-col-auto align-self-lg-center align-self-md-center align-self-center style-664-outer style-local-120-c9-outer\">\n            <div data-colibri-id=\"120-c9\" class=\"d-flex h-flex-basis h-column__inner h-px-lg-1 h-px-md-1 h-px-1 v-inner-lg-1 v-inner-md-1 v-inner-1 style-664 style-local-120-c9 position-relative\">\n              <!---->\n              <!---->\n              <div class=\"w-100 h-y-container h-column__content h-column__v-align flex-basis-100 align-self-lg-start align-self-md-start align-self-start\">\n                <!---->\n                <div data-colibri-id=\"120-c10\" class=\"d-block style-670 style-local-120-c10 position-relative h-element\">\n                  <!---->\n                  <div class=\"h-image__frame-container-outer\">\n                    <div class=\"h-image__frame-container\">\n                      <!---->\n                      <!---->\n                      <img loading=\"lazy\" width=\"674\" height=\"668\" src=\"http:\/\/verluisant.fr\/wp-content\/uploads\/2022\/04\/cropped-P1160715.jpg\" class=\"wp-image-884 style-670-image style-local-120-c10-image\" srcset=\"https:\/\/verluisant.fr\/wp-content\/uploads\/2022\/04\/cropped-P1160715.jpg 674w, https:\/\/verluisant.fr\/wp-content\/uploads\/2022\/04\/cropped-P1160715-300x297.jpg 300w, https:\/\/verluisant.fr\/wp-content\/uploads\/2022\/04\/cropped-P1160715-150x150.jpg 150w\" sizes=\"(max-width: 674px) 100vw, 674px\" alt=\"\" \/>\n                      <div class=\"h-image__frame h-hide-lg h-hide-md h-hide-sm style-670-frameImage style-local-120-c10-frameImage\"><\/div>\n                    <\/div>\n                  <\/div>\n                <\/div>\n              <\/div>\n            <\/div>\n          <\/div>\n          <div class=\"h-column h-column-container d-flex h-col-lg-auto h-col-md-auto h-col-auto align-self-lg-center align-self-md-center align-self-center style-665-outer style-local-120-c11-outer\">\n            <div data-colibri-id=\"120-c11\" class=\"d-flex h-flex-basis h-column__inner h-px-lg-1 h-px-md-1 h-px-1 v-inner-lg-1 v-inner-md-1 v-inner-1 style-665 style-local-120-c11 position-relative\">\n              <!---->\n              <!---->\n              <div class=\"w-100 h-y-container h-column__content h-column__v-align flex-basis-100 align-self-lg-start align-self-md-start align-self-start\">\n                <!---->\n                <div data-colibri-id=\"120-c12\" class=\"d-flex align-items-center text-lg-center text-md-center text-center justify-content-lg-center justify-content-md-center justify-content-center style-425 style-local-120-c12 position-relative h-element\">\n                  <!---->\n                  <a rel=\"home\" href=\"https:\/\/verluisant.fr\/\" h-use-smooth-scroll=\"true\" class=\"d-flex align-items-center\">\n                    <img src=\"https:\/\/verluisant.fr\/wp-content\/uploads\/2022\/04\/LOGOS-LE-VER-LUISANT-01.png\" class=\"h-logo__image h-logo__image_h logo-image style-425-image style-local-120-c12-image\" alt=\"\" \/>\n                    <img src=\"https:\/\/verluisant.fr\/wp-content\/uploads\/2022\/04\/LOGOS-LE-VER-LUISANT-01.png\" class=\"h-logo__alt-image h-logo__alt-image_h logo-alt-image style-425-image style-local-120-c12-image\">\n                  <\/a>\n                <\/div>\n              <\/div>\n            <\/div>\n          <\/div>\n          <div class=\"h-column h-column-container d-flex h-col-lg-auto h-col-md-auto h-col-auto align-self-lg-center align-self-md-center align-self-center style-666-outer style-local-120-c13-outer\">\n            <div data-colibri-id=\"120-c13\" class=\"d-flex h-flex-basis h-column__inner h-px-lg-1 h-px-md-1 h-px-1 v-inner-lg-1 v-inner-md-1 v-inner-1 style-666 style-local-120-c13 position-relative\">\n              <!---->\n              <!---->\n              <div class=\"w-100 h-y-container h-column__content h-column__v-align flex-basis-100 align-self-lg-start align-self-md-start align-self-start\">\n                <!---->\n                <div data-colibri-id=\"120-c14\" class=\"d-block style-671 style-local-120-c14 position-relative h-element\">\n                  <!---->\n                  <div class=\"h-image__frame-container-outer\">\n                    <div class=\"h-image__frame-container\">\n                      <!---->\n                      <!---->\n                      <img loading=\"lazy\" width=\"668\" height=\"668\" src=\"http:\/\/verluisant.fr\/wp-content\/uploads\/2022\/04\/cropped-P1160711.jpg\" class=\"wp-image-886 style-671-image style-local-120-c14-image\" srcset=\"https:\/\/verluisant.fr\/wp-content\/uploads\/2022\/04\/cropped-P1160711.jpg 668w, https:\/\/verluisant.fr\/wp-content\/uploads\/2022\/04\/cropped-P1160711-300x300.jpg 300w, https:\/\/verluisant.fr\/wp-content\/uploads\/2022\/04\/cropped-P1160711-150x150.jpg 150w\" sizes=\"(max-width: 668px) 100vw, 668px\" alt=\"\" \/>\n                      <div class=\"h-image__frame h-hide-lg h-hide-md h-hide-sm style-671-frameImage style-local-120-c14-frameImage\"><\/div>\n                    <\/div>\n                  <\/div>\n                <\/div>\n              <\/div>\n            <\/div>\n          <\/div>\n          <div class=\"h-column h-column-container d-flex h-col-lg-auto h-col-md-auto h-col-auto align-self-lg-center align-self-md-center align-self-center style-667-outer style-local-120-c15-outer\">\n            <div data-colibri-id=\"120-c15\" class=\"d-flex h-flex-basis h-column__inner h-px-lg-1 h-px-md-1 h-px-1 v-inner-lg-1 v-inner-md-1 v-inner-1 style-667 style-local-120-c15 position-relative\">\n              <!---->\n              <!---->\n              <div class=\"w-100 h-y-container h-column__content h-column__v-align flex-basis-100 align-self-lg-start align-self-md-start align-self-start\">\n                <!---->\n                <div data-colibri-id=\"120-c16\" class=\"d-block style-672 style-local-120-c16 position-relative h-element\">\n                  <!---->\n                  <div class=\"h-image__frame-container-outer\">\n                    <div class=\"h-image__frame-container\">\n                      <!---->\n                      <!---->\n                      <img loading=\"lazy\" width=\"711\" height=\"711\" src=\"http:\/\/verluisant.fr\/wp-content\/uploads\/2022\/04\/cropped-accueil-1.jpg\" class=\"wp-image-887 style-672-image style-local-120-c16-image\" srcset=\"https:\/\/verluisant.fr\/wp-content\/uploads\/2022\/04\/cropped-accueil-1.jpg 711w, https:\/\/verluisant.fr\/wp-content\/uploads\/2022\/04\/cropped-accueil-1-300x300.jpg 300w, https:\/\/verluisant.fr\/wp-content\/uploads\/2022\/04\/cropped-accueil-1-150x150.jpg 150w\" sizes=\"(max-width: 711px) 100vw, 711px\" alt=\"\" \/>\n                      <div class=\"h-image__frame h-hide-lg h-hide-md h-hide-sm style-672-frameImage style-local-120-c16-frameImage\"><\/div>\n                    <\/div>\n                  <\/div>\n                <\/div>\n              <\/div>\n            <\/div>\n          <\/div>\n        <\/div>\n      <\/div>\n      <div data-colibri-id=\"120-c25\" class=\"h-row-container gutters-row-lg-2 gutters-row-md-2 gutters-row-0 gutters-row-v-lg-2 gutters-row-v-md-2 gutters-row-v-2 style-1056 style-local-120-c25 position-relative\">\n        <!---->\n        <div class=\"h-row justify-content-lg-center justify-content-md-center justify-content-center align-items-lg-stretch align-items-md-stretch align-items-stretch gutters-col-lg-2 gutters-col-md-2 gutters-col-0 gutters-col-v-lg-2 gutters-col-v-md-2 gutters-col-v-2\">\n          <!---->\n          <div class=\"h-column h-column-container d-flex h-col-lg-auto h-col-md-auto h-col-auto style-1057-outer style-local-120-c26-outer\">\n            <div data-colibri-id=\"120-c26\" class=\"d-flex h-flex-basis h-column__inner h-px-lg-2 h-px-md-2 h-px-2 v-inner-lg-2 v-inner-md-2 v-inner-2 style-1057 style-local-120-c26 position-relative\">\n              <!---->\n              <!---->\n              <div class=\"w-100 h-y-container h-column__content h-column__v-align flex-basis-100 align-self-lg-start align-self-md-start align-self-start\">\n                <!---->\n                <div data-colibri-id=\"120-c27\" class=\"h-text h-text-component style-1059 style-local-120-c27 position-relative h-element\">\n                  <!---->\n                  <!---->\n                  <div class=\"\">\n                    <p><span style=\"font-weight: 400; font-size: 16px; font-family: &quot;Open Sans&quot;; color: rgb(23, 37, 42);\">Salon de th\u00e9 id\u00e9al pour famille et amis ou restaurant du midi pour d\u00e9jeuner comme \u00e0 la maison : Le Ver Luisant est l&rsquo;endroit id\u00e9al pour se restaurer et passer un bon moment. Retrouvez des plats maison \u00e0 base de produits locaux et bio : soupes, salades, tartines, tartes, lasagnes plat du jour et desserts. Le menu \u00e9volue chaque semaine en fonction de mon inspiration et des produits de saison. <\/span><\/p>\n                    <p><span style=\"font-weight: 400; font-size: 16px; font-family: &quot;Open Sans&quot;; color: rgb(23, 37, 42);\">Ouvert en journ\u00e9e principalement, tout est pr\u00e9vu pour accueillir les enfants : espace de jeux, chaises hautes, table \u00e0 langer, plats b\u00e9b\u00e9s, formules go\u00fbter&#8230;Le Ver Luisant propose \u00e9galement, pour les enfants et familles, un programme d&rsquo;ateliers ludiques et culinaires. Les mercredis et samedis apr\u00e8s-midi, le lieu peut \u00eatre privatis\u00e9 pour des go\u00fbter d&rsquo;anniversaires. <\/span><\/p>\n                    <p><span style=\"font-weight: 400; font-size: 16px; font-family: &quot;Open Sans&quot;; color: rgb(23, 37, 42);\">En soir\u00e9e et le samedi matin, Le Ver Luisant vos r\u00e9unions associatives ou professionnelles. Devis sur demande.<\/span><\/p>\n                  <\/div>\n                <\/div>\n              <\/div>\n            <\/div>\n          <\/div>\n        <\/div>\n      <\/div>\n    <\/div>\n  <\/div>\n  <div data-colibri-component=\"section\" data-colibri-id=\"120-c28\" id=\"custom-3\" class=\"h-section h-section-global-spacing d-flex align-items-lg-center align-items-md-center align-items-center style-687 style-local-120-c28 position-relative\">\n    <!---->\n    <!---->\n    <div class=\"h-section-grid-container h-section-boxed-container\">\n      <!---->\n      <div data-colibri-id=\"120-c29\" class=\"h-row-container gutters-row-lg-2 gutters-row-md-2 gutters-row-0 gutters-row-v-lg-2 gutters-row-v-md-2 gutters-row-v-2 style-688 style-local-120-c29 position-relative\">\n        <!---->\n        <div class=\"h-row justify-content-lg-center justify-content-md-center justify-content-center align-items-lg-stretch align-items-md-stretch align-items-stretch gutters-col-lg-2 gutters-col-md-2 gutters-col-0 gutters-col-v-lg-2 gutters-col-v-md-2 gutters-col-v-2\">\n          <!---->\n          <div class=\"h-column h-column-container d-flex h-col-lg-auto h-col-md-auto h-col-auto style-689-outer style-local-120-c30-outer\">\n            <div data-colibri-id=\"120-c30\" class=\"d-flex h-flex-basis h-column__inner h-px-lg-2 h-px-md-2 h-px-2 v-inner-lg-2 v-inner-md-2 v-inner-2 style-689 style-local-120-c30 position-relative\">\n              <!---->\n              <!---->\n              <div class=\"w-100 h-y-container h-column__content h-column__v-align flex-basis-100 align-self-lg-start align-self-md-start align-self-start\">\n                <!---->\n                <div data-colibri-id=\"120-c31\" class=\"icon-list d-flex justify-content-lg-center justify-content-md-center justify-content-center style-690 style-local-120-c31 position-relative h-element\">\n                  <!---->\n                  <ul class=\"ul-list-icon horizontal-on-desktop horizontal-on-tablet horizontal-on-mobile justify-content-lg-center justify-content-md-center justify-content-center\">\n                    <!---->\n                    <li class=\"list-item no-gutters\">\n                      <!---->\n                      <div class=\"list-container-divider d-flex justify-content-lg-center justify-content-md-center justify-content-center first-el-spacer\"><\/div>\n                      <a href=\"https:\/\/contacts.google.com\/person\/c4287778538897192360?hl=fr\" target=\"_blank\" h-use-smooth-scroll=\"true\" class=\"item-link no-gutters\" rel=\"noopener\">\n                        <div class=\"d-flex h-col no-gutters align-items-lg-center align-items-md-center align-items-center list-item-text-wrapper\">\n                          <div class=\"d-flex\"><span class=\"h-svg-icon style-690-icon style-local-120-c31-icon\"><!--Icon by Socicon (http:\/\/www.socicon.com)--><svg version=\"1.1\" xmlns=\"http:\/\/www.w3.org\/2000\/svg\" viewBox=\"0 0 1500 1500\">\n\n<path d=\"M799.805 922.852c-14.648 11.719-32.227 20.508-49.805 20.508s-35.156-8.789-49.805-20.508l-700.195-571.289v899.414h1500v-899.414zM750 750c14.648 0 29.297-5.859 41.016-14.648l594.727-486.328h-1271.484l594.727 486.328c11.719 8.789 26.367 14.648 41.016 14.648z\"><\/path>\n<\/svg>\n<\/span><\/div> <span class=\"list-text d-block\"><span>Mail<\/span><\/span>\n                        <\/div>\n                      <\/a>\n                      <div class=\"list-container-divider d-flex justify-content-lg-center justify-content-md-center justify-content-center\">\n                        <!---->\n                      <\/div>\n                    <\/li>\n                    <li class=\"list-item no-gutters\">\n                      <!---->\n                      <!---->\n                      <a href=\"https:\/\/fr-fr.facebook.com\/verluisant\" target=\"_blank\" h-use-smooth-scroll=\"true\" class=\"item-link no-gutters\" rel=\"noopener\">\n                        <div class=\"d-flex h-col no-gutters align-items-lg-center align-items-md-center align-items-center list-item-text-wrapper\">\n                          <div class=\"d-flex\"><span class=\"h-svg-icon style-690-icon style-local-120-c31-icon\"><!--Icon by Font Awesome (https:\/\/fontawesome.com)--><svg version=\"1.1\" xmlns=\"http:\/\/www.w3.org\/2000\/svg\" xmlns:xlink=\"http:\/\/www.w3.org\/1999\/xlink\" id=\"facebook-square\" viewBox=\"0 0 1536 1896.0833\"><path d=\"M1248 128q119 0 203.5 84.5T1536 416v960q0 119-84.5 203.5T1248 1664h-188v-595h199l30-232h-229V689q0-56 23.5-84t91.5-28l122-1V369q-63-9-178-9-136 0-217.5 80T820 666v171H620v232h200v595H288q-119 0-203.5-84.5T0 1376V416q0-119 84.5-203.5T288 128h960z\"><\/path><\/svg><\/span><\/div>\n                          <span class=\"list-text d-block\"><span>Facebook<\/span><\/span>\n                        <\/div>\n                      <\/a>\n                      <div class=\"list-container-divider d-flex justify-content-lg-center justify-content-md-center justify-content-center\">\n                        <!---->\n                      <\/div>\n                    <\/li>\n                    <li class=\"list-item no-gutters\">\n                      <!---->\n                      <!---->\n                      <a href=\"https:\/\/www.instagram.com\/leverluisantindre\/\" target=\"_blank\" h-use-smooth-scroll=\"true\" class=\"item-link no-gutters\" rel=\"noopener\">\n                        <div class=\"d-flex h-col no-gutters align-items-lg-center align-items-md-center align-items-center list-item-text-wrapper\">\n                          <div class=\"d-flex\"><span class=\"h-svg-icon style-690-icon style-local-120-c31-icon\"><!--Icon by Font Awesome (https:\/\/fontawesome.com)--><svg version=\"1.1\" xmlns=\"http:\/\/www.w3.org\/2000\/svg\" xmlns:xlink=\"http:\/\/www.w3.org\/1999\/xlink\" id=\"instagram\" viewBox=\"0 0 1536 1896.0833\"><path d=\"M1024 896q0-106-75-181t-181-75-181 75-75 181 75 181 181 75 181-75 75-181zm138 0q0 164-115 279t-279 115-279-115-115-279 115-279 279-115 279 115 115 279zm108-410q0 38-27 65t-65 27-65-27-27-65 27-65 65-27 65 27 27 65zM768 266q-7 0-76.5-.5t-105.5 0-96.5 3-103 10T315 297q-50 20-88 58t-58 88q-11 29-18.5 71.5t-10 103-3 96.5 0 105.5.5 76.5-.5 76.5 0 105.5 3 96.5 10 103T169 1349q20 50 58 88t88 58q29 11 71.5 18.5t103 10 96.5 3 105.5 0 76.5-.5 76.5.5 105.5 0 96.5-3 103-10 71.5-18.5q50-20 88-58t58-88q11-29 18.5-71.5t10-103 3-96.5 0-105.5-.5-76.5.5-76.5 0-105.5-3-96.5-10-103T1367 443q-20-50-58-88t-88-58q-29-11-71.5-18.5t-103-10-96.5-3-105.5 0-76.5.5zm768 630q0 229-5 317-10 208-124 322t-322 124q-88 5-317 5t-317-5q-208-10-322-124T5 1213q-5-88-5-317t5-317q10-208 124-322t322-124q88-5 317-5t317 5q208 10 322 124t124 322q5 88 5 317z\"><\/path><\/svg><\/span><\/div>\n                          <span class=\"list-text d-block\"><span>instagram<\/span><\/span>\n                        <\/div>\n                      <\/a>\n                      <div class=\"list-container-divider d-flex justify-content-lg-center justify-content-md-center justify-content-center\" style=\"display: none;\">\n                        <!---->\n                      <\/div>\n                      <div class=\"list-container-divider d-flex justify-content-lg-center justify-content-md-center justify-content-center last-el-spacer\"><\/div>\n                    <\/li>\n                  <\/ul>\n                <\/div>\n              <\/div>\n            <\/div>\n          <\/div>\n        <\/div>\n      <\/div>\n    <\/div>\n  <\/div>\n<\/div>","protected":false},"excerpt":{"rendered":"<p>Le Ver Luisant est un caf\u00e9-restaurant avec une cuisine maison vari\u00e9e et de saison. Les produits sont issus majoritairement de producteurs locaux, donc de saison. Le menu varie chaque semaine avec un tarif ainsi qu&rsquo;une portion adapt\u00e9 pour les enfants.&nbsp; En effet, l&rsquo;essence de l&rsquo;\u00e9tablissement est la convivialit\u00e9. Le Ver Luisant est un espace familial [&hellip;]<\/p>\n","protected":false},"author":1,"featured_media":0,"parent":0,"menu_order":0,"comment_status":"closed","ping_status":"closed","template":"page-templates\/full-width-page.php","meta":[],"_links":{"self":[{"href":"https:\/\/verluisant.fr\/index.php\/wp-json\/wp\/v2\/pages\/120"}],"collection":[{"href":"https:\/\/verluisant.fr\/index.php\/wp-json\/wp\/v2\/pages"}],"about":[{"href":"https:\/\/verluisant.fr\/index.php\/wp-json\/wp\/v2\/types\/page"}],"author":[{"embeddable":true,"href":"https:\/\/verluisant.fr\/index.php\/wp-json\/wp\/v2\/users\/1"}],"replies":[{"embeddable":true,"href":"https:\/\/verluisant.fr\/index.php\/wp-json\/wp\/v2\/comments?post=120"}],"version-history":[{"count":20,"href":"https:\/\/verluisant.fr\/index.php\/wp-json\/wp\/v2\/pages\/120\/revisions"}],"predecessor-version":[{"id":2198,"href":"https:\/\/verluisant.fr\/index.php\/wp-json\/wp\/v2\/pages\/120\/revisions\/2198"}],"wp:attachment":[{"href":"https:\/\/verluisant.fr\/index.php\/wp-json\/wp\/v2\/media?parent=120"}],"curies":[{"name":"wp","href":"https:\/\/api.w.org\/{rel}","templated":true}]}}